 the greatest common factor of j and 14?
7
Let s be 14/(-4)*40/(-7). Calculate the highest common divisor of 200 and s.
20
Let k(c) = -c**3 - 2*c**2 + 6*c + 1. Let v be 44/(-10) - 2/(-5). Let b be k(v). Calculate the highest common divisor of 99 and b.
9
Let i(z) = -4*z - 6. Let c be i(-6). Let y(g) = -g + 5. Let r be y(0). Let v = 139 + r. Calculate the greatest common divisor of v and c.
18
Suppose -7*g + 180 = -5*g. Calculate the highest common divisor of g and 10.
10
Let j = -95 - -99. Calculate the greatest common factor of j and 64.
4
Let s be (-2 - -1) + 0 + 0. Let m be s/(-2)*(5 - -3). Calculate the greatest common divisor of 2 and m.
2
Let s be 1/(4/48 + 0). Let u(y) = -y + 334. Let l be u(0). Suppose 2*b + q + 74 = l, 3*q = -5*b + 648. What is the greatest common divisor of s and b?
12
Suppose 235 + 93 = 3*v - 4*r, 12 = -3*r. Calculate the greatest common factor of 13 and v.
13
Suppose 0*v + 13 = 2*v - 3*f, -2*f + 2 = 0. Let m(c) = -c + 11. Let j be m(v). Suppose j*n = 6 + 24. Calculate the highest common divisor of n and 40.
10
Let h be (-17)/2 + (-4)/8. Let g = 18 + h. What is the highest common factor of 99 and g?
9
Let x = 103 + -49. Suppose -x = -q - q. Calculate the highest common divisor of 3 and q.
3
Let h = 20 - 12. Let c(w) = 2*w**3 + 35*w**2 + 15*w + 6. Let n be c(-17). Calculate the greatest common divisor of n and h.
8
Let s be ((-76)/(-95))/(1 - 123/125). What is the highest common factor of 200 and s?
50
Let h(r) = r + 11. Let m be h(-9). Suppose 0 = -2*i + 3*g + 600, 592 = m*i - 0*g + g. Calculate the highest common divisor of 27 and i.
27
Let d = -1 - -1. Suppose 0 = -d*v + 4*v - 64. What is the greatest common divisor of v and 48?
16
Let n = 10 - -22. Let i = -122 - -126. What is the greatest common divisor of n and i?
4
Let v be 0 + 6/2 + -1. Let d be 18/6*v/6. What is the greatest common factor of d and 11?
1
Suppose -t - 1 = 4*m, 5*m - 3*t = -5*t - 5. Let y(k) = 51*k**3 - 2*k**2 + 2*k - 1. Let d be y(m). Calculate the highest common divisor of d and 10.
10
Suppose 68 = 3*l + 4*d - 25, -l - d + 30 = 0. Calculate the greatest common divisor of l and 27.
27
Suppose -m - 2*r + 8 = -5, 0 = -2*m - 2*r + 28. Let k(a) = a**2 + a + 3. Let h = -9 + 15. Let x be k(h). What is the highest common divisor of m and x?
15
Suppose v - 75 = -g, 4*g - 3*g = -2. What is the highest common divisor of 11 and v?
11
Let l(x) = x**3 - 3*x**2 + 2*x - 1. Let y be l(3). Calculate the greatest common divisor of 20 and y.
5
Let m(y) = 5*y**2 - 1. Let l be (-24)/9*(-6)/4. Suppose -7*s + 2*s + 7 = -l*p, 3*p = -s - 10. Let g be m(s). What is the highest common divisor of g and 12?
4
Let k = 7 + -1. Calculate the greatest common factor of 18 and k.
6
Let v = 11 - -13. Suppose 0*m + 64 = 4*m. Calculate the highest common factor of m and v.
8
Suppose -3*b = -2*s + 7*s - 497, -5*s = -4*b - 504. Let c(g) = 26*g**2 + 2*g + 1. Let k be c(-1). What is the greatest common factor of s and k?
25
Let m be (-61)/(-3) - 2/6. Suppose -b = 5*s - m, 2*s = b - 7 + 22. Suppose -s*j + 19 = -36. What is the greatest common factor of j and 121?
11
Let h = -51 - -23. Let d = -1 - h. Calculate the highest common factor of 9 and d.
9
Suppose 124 = 4*m - 3*d, 0 = 3*m + d + d - 76. What is the greatest common divisor of 4 and m?
4
Suppose -28 = 3*d - 7*d. Let x be (15/(-4))/(d/28). Let s be ((-156)/x)/(4/20). What is the greatest common factor of 13 and s?
13
Let h(c) be the first derivative of -3*c**2/2 - 5*c + 3. Let d be h(-4). Suppose 3*b + 92 = d*b. Calculate the greatest common factor of b and 253.
23
Let r(l) = 4*l. Let s = 1 + 2. Let j be r(s). Suppose -292 = -5*w + 248. What is the highest common divisor of w and j?
12
Let q = 44 + 2. Let j = 2 + q. Suppose -3*y - 2*y - 2*g = -20, -3*y + 5*g + 43 = 0. What is the highest common factor of j and y?
6
Let i be ((-6)/30)/((-9)/(-15))*-3. What is the greatest common factor of i and 11?
1
Suppose -3*j = -c + 3*c - 18, 3*j - 3*c - 18 = 0. Let u = 0 + j. Let b be ((-24)/15)/(2*(-4)/20). What is the highest common divisor of b and u?
2
Let t = 7 + -25. Let o be (-14)/(-6) - (-6)/t. What is the highest common divisor of o and 6?
2
Suppose 0*x - 2*x = -2*s, 35 = 5*s + 2*x. Suppose 3*i = s*i - 48. Suppose 0 = 4*p - 2*p - 120. Calculate the greatest common divisor of i and p.
12
Suppose 634 = -4*j + m, 0*m - 644 = 4*j + 4*m. Let l = -84 - j. What is the greatest common divisor of l and 30?
15
Let t = 133 + -108. Calculate the highest common divisor of 75 and t.
25
Let j be (-2750)/(-18) + 4/18. Suppose -5*b + 92 = -193. Suppose -49 = -2*t - 5*g, b = 2*t + t + 2*g. What is the highest common factor of j and t?
17
Let z = -1 + 22. Let n = z - 12. Calculate the greatest common divisor of 63 and n.
9
Let z = -1 + 5. Suppose 2*d + 10 = 3*o, z*d + 1 = 2*o - 11. Let h = 3 + o. What is the highest common divisor of 35 and h?
5
Let c = 23 - 15. Let x = -5 + c. Suppose 5*u + x*v - 579 + 81 = 0, 494 = 5*u - v. What is the greatest common factor of u and 11?
11
Let d(y) = -3*y - 6. Let n be d(-8). Calculate the greatest common divisor of n and 45.
9
Let p = 7 + 25. Calculate the highest common factor of 8 and p.
8
Let s be (0 + 18)*7/3. Suppose 3*o - 249 = 3*h, -o - s = -4*h - 131. What is the greatest common divisor of o and 9?
9
Let c be 40/2*(-2 + 3). Let v be c/2 - (1 + 1). Let a be -3*(-4)/42*14. What is the highest common divisor of v and a?
4
Let t = 3 - 0. Suppose t*l = -l + 96. Suppose 4*f = -3*x + 32, -3*f + 28 = 2*x + 4. What is the greatest common factor of l and f?
8
Let c(y) = y + 8. Let w be c(6). Let r be 2/(2/5)*w. Calculate the highest common factor of r and 10.
10
Let a(x) = -x + 1. Let d be a(-3). Let h(z) = 12*z - 12. Let l be h(5). Suppose l = d*f - 88. What is the highest common divisor of f and 17?
17
Suppose 555 = 3*x + 150. What is the greatest common factor of x and 27?
27
Let l be (-4 + 1)/((-3)/4). Suppose -3*x - 3*u + 30 = 0, -2 = l*x + u - 48. What is the greatest common divisor of 12 and x?
12
Let j = 2 - -4. Let k = -4 - -9. Suppose -5*q + 22 = -4*c, 19 = -q + 3*q - k*c. What is the greatest common factor of j and q?
2
Suppose 11*n = 10*n + 42. Calculate the highest common factor of 14 and n.
14
Let a be 30/4*(-448)/(-35). What is the greatest common factor of a and 12?
12
Suppose y - 8 = 5*y. Let q = y + -7. Let x = q + 18. What is the greatest common factor of x and 18?
9
Let f(q) = -q**3 + 10*q**2 - 9*q + 5. Let s be f(9). Suppose u = 10 + s. Calculate the greatest common factor of u and 10.
5
Let z be (6/4)/((-12)/(-80)). Suppose 0*c - 2*i = -2*c + 984, -z = -5*i. Let u be c/5 - 3/(-15). Calculate the highest common divisor of u and 9.
9
Suppose 112 = 16*t - 14*t. What is the highest common factor of t and 14?
14
Let s = -73 + 86. What is the highest common divisor of 143 and s?
13
Let c = 9 - 1. Suppose 0 = -5*y + 46 + 394. Suppose -g + 0*g = -y. What is the highest common factor of c and g?
8
Let l(s) = -57*s + 3. Let p be l(-3). Let u = -102 + p. Suppose 0 = h + h - u. What is the highest common divisor of 24 and h?
12
Let u = -21 - -39. Let s = 5 + -3. Suppose 8 = d + s. What is the highest common divisor of d and u?
6
Let z be (-2)/3*5*-12. Let l = 33 + -17. What is the highest common divisor of z and l?
8
Suppose 2*f = -f + 198. Let j(i) = -13*i - 1. Let z be j(-1). Suppose -4*a + z = -0*a, -6 = s - 4*a. Calculate the highest common divisor of f and s.
6
Let w(x) be the third derivative of -21*x**4/8 + 2*x**2. Let p be w(-2). Calculate the highest common divisor of 18 and p.
18
Let o(l) = l**3 - 7*l**2 - 7*l - 7. Let r be o(8). Let y = 5 + r. Let f be 11*-2*(-3)/y. Calculate the highest common divisor of 11 and f.
11
Let j = -47 + 59. Let p be 15/4 - 3/(-12). What is the greatest common divisor of p and j?
4
Suppose -u + 280 = 71. Calculate the highest common factor of u and 11.
11
Let b = 4 + 3. Calculate the greatest common divisor of 56 and b.
7
Let p = -103 + 170. Let t = 3 + p. What is the greatest common divisor of 10 and t?
10
Suppose 2*i - 8 = -4, 3*l + 5*i = 16. Let f = -19 - -13. Let v be (-1)/(4/f)*12. What is the greatest common divisor of v and l?
2
Suppose 4*a - 16 = 0, -3*r = a - 42 + 5. Let d = 37 + -15. Calculate the greatest common factor of d and r.
11
Let h = -4 - -4. Le